p - 30. Let w be (18/p + -1)*-5. Calculate the highest common factor of 42 and w.
14
Let s be (-33)/(-5) - (-2)/5. Let j = 1577 + -1570. Calculate the greatest common divisor of s and j.
7
Let k(g) = -g**2 + 16*g - 19. Let p be k(7). Let f(a) = 3*a + 6. Let w be f(-5). Let u = w - -20. Calculate the greatest common factor of p and u.
11
Let v = -567 - -714. Calculate the highest common factor of v and 63.
21
Suppose 0 = 6*p - 8*p + h + 13, 28 = 2*p + 2*h. What is the greatest common factor of p and 87?
3
Suppose 9*g + 132 = 1023. Calculate the greatest common factor of 225 and g.
9
Let x = 14 - 9. Let l be -2 - (-3)/(-2)*-4. Suppose -u - 2*w + 43 = w, l*u - 240 = 5*w. What is the greatest common divisor of u and x?
5
Let i be -1*15*(-2 - -3) + 4. Let j be 1*21 - i/((-33)/12). Calculate the greatest common divisor of 119 and j.
17
Suppose -2*q = 3*k - 58 + 9, 0 = 2*k - 5*q - 39. What is the greatest common factor of k and 221?
17
Let m = -1146 + 1155. Calculate the highest common factor of 171 and m.
9
Let r(f) = -2 - 3 - f**3 - 14*f**2 - f + 0 - 2. Let m be r(-14). Let x(u) = -8*u + 16. Let s be x(-5). What is the greatest common factor of m and s?
7
Let y = 173 - 35. What is the highest common factor of 18 and y?
6
Let h be ((-5)/(-4))/(5/20). Suppose -t + 211 = -h*y - 2*t, -2*t = y + 35. Let a = y + 60. What is the greatest common divisor of 34 and a?
17
Suppose 0 = -0*k - 3*k + 108. Let y be 16/56 + (-346)/(-14). Suppose 34*r - 108 = y*r. Calculate the highest common factor of r and k.
12
Let k be (2/5)/(2/(-540)). Let m = 183 + k. What is the greatest common factor of 50 and m?
25
Let j(g) = -25*g**2 - 3*g + 5. Let t be j(2). Let b = -1 - t. Suppose 3*p = -5*x + 46 + 42, 0 = -3*x + p + 64. Calculate the highest common divisor of b and x.
20
Let m be -3 - 2 - 27786/(-33). Calculate the highest common divisor of 54 and m.
27
Suppose -6*p + 16*p = 210. Let h be (-1 + -9)/(8/(-28)). Calculate the greatest common factor of h and p.
7
Let n be (104/(-14))/(5/((-140)/8)). Suppose 3*d = 4*a - 147, -a + 162 = 3*a + 2*d. What is the greatest common factor of a and n?
13
Let m = 46 - 43. Suppose -2*a + 4 = 2*a. What is the greatest common factor of m and a?
1
Suppose -4 = -k + 2*k. Let s be 3 + -5 + -2 - k. Suppose f + 4 = s, 2*g - 3*g + 2*f = -20. Calculate the greatest common divisor of g and 24.
12
Let z(a) = -17*a - 7. Let j be z(-4). Let y = j + -49. Let p be 6/(((-2)/2)/(-1)). What is the greatest common factor of p and y?
6
Let p be ((-135)/450)/(4/265)*-8. Calculate the greatest common factor of p and 583.
53
Let w be 16*((-6)/4 + 2). Let g(u) = -8*u. Let m be g(1). Let v be (2/m)/(9/36) - -2. Calculate the highest common divisor of w and v.
1
Let s = 0 + 4. Suppose b + 0*b - 17 = -2*k, -4*b = s*k - 68. What is the highest common divisor of b and 153?
17
Let t(q) = -5*q + 44. Let g be t(4). Let v be (-355)/(-20) + (-2)/g*-3. Calculate the highest common factor of v and 6.
6
Suppose 5*i + 5*q = 95, -121 = -4*i - q + 6*q. Suppose -i = -p + 3*p. Let y be ((-4)/p)/(1/18). Calculate the highest common factor of 15 and y.
3
Suppose -4*b + 2*t + 54 = 0, -3*b + 4*b + 4*t = 36. Let l be -4*32*111/(-148). What is the highest common factor of l and b?
16
Let g(t) be the third derivative of t**6/120 - 2*t**5/15 + 5*t**4/8 - 8*t**3/3 - 32*t**2. Let m be g(9). Calculate the greatest common divisor of 25 and m.
25
Let a(m) = m**3 - 6*m**2 + m - 2. Let w be a(6). Suppose 1 = -7*t + w*t + 4*c, -4 = -4*c. Calculate the highest common divisor of 1 and t.
1
Let z be -1*(-370)/((-2)/(-1)). Let j = z + -25. Let f(d) = d**3 - 3*d**2 - 7*d + 5. Let h be f(5). What is the greatest common divisor of h and j?
20
Suppose 8*r - 3*g - 122 = 3*r, -54 = -2*r - 4*g. What is the highest common divisor of 5 and r?
5
Let n = -25 - -30. Suppose h = 3*b + 58, 0 = h - n*b - 41 - 25. Suppose -6 = 4*t - h. Calculate the highest common divisor of 30 and t.
10
Let x be 112/35 + (-3)/15. Suppose -6 = y + 2*y - x*a, 4*y = -a + 12. Calculate the greatest common divisor of y and 22.
2
Let g(x) = 2*x**3 + 14*x**2 + 3*x - 12. Let p be g(-6). Let q = p - 38. What is the greatest common divisor of q and 2?
2
Suppose 17*q = 8*q + 450. Let w = -21 - -31. Calculate the highest common factor of q and w.
10
Let c = -182 - -228. What is the highest common divisor of c and 46?
46
Suppose 3*m + 5*p - p - 32 = 0, -5*m + 3*p = -5. What is the highest common divisor of m and 64?
4
Suppose 5*v - 6 = 24. Let q be 10*(-4)/v*-9. Suppose 3*s = 38 + 34. What is the highest common divisor of q and s?
12
Let v(z) = -2*z**3 + 4*z**2 + 3*z - 29. Let u be v(-6). What is the highest common factor of u and 23?
23
Let w be (4/(-14))/((-20)/280) - -61. What is the highest common divisor of w and 5?
5
Let u be ((-213)/426)/((2 + -1)/(-78)). Calculate the greatest common divisor of u and 3.
3
Suppose -2*i + 0*i = 4, -3*a + i + 65 = 0. Suppose 2*o + 32 = 2*q - 6, 0 = -12*q - 3*o + 153. What is the greatest common factor of q and a?
7
Let y(s) = -4*s + 26. Let b be y(0). Let t be 26/4*1*28. Calculate the greatest common factor of t and b.
26
Let l be (-1)/(-4 + 6444/1612). Suppose -5*f + 4*t - 30 = -l, 0 = -2*f + t + 151. Calculate the greatest common divisor of f and 7.
7
Let l = -5 - -20. Let o be l*(-1 + (-6)/(-3)). Calculate the highest common factor of 60 and o.
15
Suppose -24*o + 6*o + 72 = 0. Calculate the highest common factor of 17 and o.
1
Let c be (12/(-36))/((-2)/18). Suppose c*u = -25 + 304. Let g = 181 - u. What is the greatest common divisor of 11 and g?
11
Let s = -17 + 22. Suppose 5*l = 5*u - 20, -s*u + 17 + 3 = 0. Suppose 3*m - 61 - 59 = l. What is the highest common factor of 10 and m?
10
Suppose 0 = 11*n - 7*n - 12. Suppose 0 = -z - n, -4*z = -2*x - 0*x + 14. Let h be (-7)/(14/(-48))*x. What is the highest common divisor of 72 and h?
24
Let j be (2/4)/((-2)/(-4)). Let v(o) = o**3 + 11*o**2 + 7*o - 15. Let q be v(-10). Let w be (-20)/q*3/(-4). Calculate the greatest common divisor of j and w.
1
Let h(v) = -v**2 + 5*v + 7. Let f be h(5). Suppose 3*i - 4*i = -f. Suppose -33 = -u + 4*t + 15, 5*t = -2*u + 122. What is the highest common divisor of u and i?
7
Let f(x) = 4*x + 9. Let z be f(-7). Let l = 35 + z. Let r be (24/l)/((-3)/(-32)). What is the greatest common factor of r and 128?
16
Suppose -4*a + 50 = 2*s + 3*s, -2*a = 2*s - 22. Let g = 12 - -2. What is the highest common factor of g and s?
2
Let s(o) = -8*o - 25. Let g be s(-7). Suppose 4*z = -3*r + g, -110 = -5*r + 11*z - 6*z. Calculate the greatest common factor of 51 and r.
17
Let w = 216 + -41. Suppose 8*v = 3*v + w. Calculate the greatest common factor of v and 7.
7
Suppose 0 = -g + 3*m + 1056, -5*m = -77*g + 80*g - 3154. What is the greatest common divisor of g and 13?
13
Suppose 1 = -c, 4*c + 4 = 2*s + 2*s. Let z = 92 + s. What is the greatest common divisor of 23 and z?
23
Suppose 0*u + 6*u = 750. Calculate the greatest common factor of u and 5.
5
Let v = 30 - 51. Let b be 12/v*147/(-14). Calculate the greatest common divisor of b and 42.
6
Let p = 5 + 6. Let l be (27/6*-2)/(-1). Let o(h) = -h**3 + 8*h**2 + 13*h - 14. Let a be o(l). Calculate the greatest common factor of p and a.
11
Let j be 9553*(-3)/(-39) - (-134)/871. What is the highest common divisor of 15 and j?
15
Let z = 86 + -32. Suppose 11 = 5*x - z. What is the highest common divisor of 39 and x?
13
Let i be ((-130)/(-39))/((-4)/(-6)). Suppose -i*y + y + 88 = 0. What is the highest common divisor of y and 55?
11
Let x(a) = 42*a - 4. Suppose -5*b - 3 - 7 = 0. Let k(w) = 14*w - 1. Let c(n) = b*x(n) + 7*k(n). Let g be c(1). Calculate the greatest common factor of 75 and g.
15
Let k = 11 + -6. Suppose -4*j - 5 = -a + 2*a, a = -k. Suppose j = 3*l - 8*l + 85. What is the highest common factor of l and 187?
17
Let u(x) = 2*x + 1. Let r(s) = -s + 14. Let q(w) = r(w) - 3*u(w). Let t be q(-12). Calculate the greatest common factor of t and 38.
19
Let q be ((-10)/(-3))/(30/432). Calculate the highest common factor of q and 1200.
48
Let c be 4 + ((-56)/(-4) - 4). Suppose 503 = 2*a - 1. Suppose -5*f + 2*w + 490 = 0, -a + 56 = -2*f + 5*w. Calculate the highest common factor of c and f.
14
Let c = 1551 - 1515. Calculate the greatest common factor of 44 and c.
4
Suppose -4*p + 2*p = 0. Sup